8
What is the remainder when 11706 is divided by 101?
91
What is the remainder when 48636 is divided by 29?
3
What is the remainder when 18550 is divided by 4632?
22
What is the remainder when 294060 is divided by 157?
156
What is the remainder when 2035 is divided by 61?
22
Calculate the remainder when 3271 is divided by 892.
595
Calculate the remainder when 622 is divided by 612.
10
Calculate the remainder when 4215665 is divided by 637.
636
Calculate the remainder when 6333 is divided by 44.
41
What is the remainder when 15390 is divided by 102?
90
What is the remainder when 89383 is divided by 441?
301
Calculate the remainder when 102568 is divided by 373.
366
Calculate the remainder when 15792 is divided by 45.
42
What is the remainder when 7814 is divided by 2543?
185
Calculate the remainder when 184556 is divided by 46137.
8
What is the remainder when 366061 is divided by 274?
271
What is the remainder when 76852 is divided by 2561?
22
Calculate the remainder when 3442 is divided by 755.
422
What is the remainder when 37220 is divided by 37?
35
Calculate the remainder when 61590 is divided by 844.
822
What is the remainder when 3836 is divided by 101?
99
Calculate the remainder when 37153 is divided by 88.
17
Calculate the remainder when 12243 is divided by 14.
7
What is the remainder when 20584 is divided by 282?
280
Calculate the remainder when 17581 is divided by 5858.
7
What is the remainder when 9103542 is divided by 165?
162
Calculate the remainder when 156414 is divided by 119.
48
What is the remainder when 77721 is divided by 204?
201
What is the remainder when 1553996 is divided by 555?
551
What is the remainder when 1272 is divided by 113?
29
What is the remainder when 150139 is divided by 25019?
25
What is the remainder when 79855 is divided by 60?
55
Calculate the remainder when 19684 is divided by 3211.
418
What is the remainder when 8185235 is divided by 14?
9
Calculate the remainder when 293122 is divided by 22544.
50
What is the remainder when 19945 is divided by 220?
145
Calculate the remainder when 427 is divided by 290.
137
What is the remainder when 32309 is divided by 719?
673
What is the remainder when 24857 is divided by 222?
215
Calculate the remainder when 6069501 is divided by 48.
45
Calculate the remainder when 165998 is divided by 255.
248
What is the remainder when 4266 is divided by 604?
38
What is the remainder when 143044 is divided by 290?
74
What is the remainder when 2777 is divided by 2749?
28
Calculate the remainder when 6983 is divided by 6830.
153
Calculate the remainder when 1761963 is divided by 19.
17
Calculate the remainder when 1031 is divided by 945.
86
Calculate the remainder when 3224 is divided by 29.
5
Calculate the remainder when 3163 is divided by 24.
19
What is the remainder when 329767 is divided by 33?
31
Calculate the remainder when 246728 is divided by 481.
456
Calculate the remainder when 128777 is divided by 101.
2
Calculate the remainder when 80386 is divided by 339.
43
Calculate the remainder when 110572 is divided by 43.
19
What is the remainder when 4693 is divided by 922?
83
Calculate the remainder when 3717 is divided by 33.
21
What is the remainder when 36368 is divided by 12120?
8
What is the remainder when 1380383 is divided by 345091?
19
What is the remainder when 42365 is divided by 211?
165
What is the remainder when 12511 is divided by 184?
183
Calculate the remainder when 1864 is divided by 18.
10
Calculate the remainder when 63736 is divided by 7073.
79
Calculate the remainder when 961 is divided by 532.
429
Calculate the remainder when 28349 is divided by 189.
188
Calculate the remainder when 759467 is divided by 759447.
20
Calculate the remainder when 596468 is divided by 166.
30
What is the remainder when 31153 is divided by 452?
417
What is the remainder when 506995 is divided by 133?
132
Calculate the remainder when 1660 is divided by 11.
10
Calculate the remainder when 205080 is divided by 1079.
70
What is the remainder when 42373 is divided by 326?
319
What is the remainder when 173365 is divided by 15?
10
What is the remainder when 715500 is divided by 361?
359
What is the remainder when 7519 is divided by 69?
67
Calculate the remainder when 56013 is divided by 55977.
36
Calculate the remainder when 348317 is divided by 333.
332
What is the remainder when 101100 is divided by 27?
12
What is the remainder when 631 is divided by 111?
76
What is the remainder when 7078 is divided by 97?
94
Calculate the remainder when 332335 is divided by 17.
2
Calculate the remainder when 402425 is divided by 1417.
1414
What is the remainder when 841097 is divided by 103?
102
Calculate the remainder when 4568 is divided by 452.
48
Calculate the remainder when 6761 is divided by 688.
569
What is the remainder when 653759 is divided by 681?
680
What is the remainder when 5038 is divided by 657?
439
What is the remainder when 6219358 is divided by 1440?
1438
What is the remainder when 3212 is divided by 864?
620
What is the remainder when 590311 is divided by 156?
7
Calculate the remainder when 53558 is divided by 130.
128
Calculate the remainder when 26646 is divided by 1341.
1167
What is the remainder when 1752 is divided by 580?
12
Calculate the remainder when 1331459 is divided by 5.
4
What is the remainder when 352951 is divided by 9288?
7
What is the remainder when 8946 is divided by 72?
18
Calculate the remainder when 27644 is divided by 144.
140
What is the remainder when 9659 is divided by 646?
615
Calculate the remainder when 403 is divided by 154.
95
Calculate the remainder when 343864 is divided by 223.
221
What is the remainder when 250641 is divided by 19279?
14
Calculate the remainder when 8748 is divided by 8140.
608
What is the remainder when 22776 is divided by 3251?
19
Calculate the remainder when 33835 is divided by 360.
355
What is the remainder when 9453 is divided by 1180?
13
Calculate the remainder when 21964 is divided by 910.
124
What is the remainder when 1757 is divided by 578?
23
What is the remainder when 29920 is divided by 9967?
19
Calculate the remainder when 93777 is divided by 47.
12
Calculate the remainder when 3534 is divided by 1760.
14
Calculate the remainder when 1984 is divided by 882.
220
What is the remainder when 836 is divided by 646?
190
Calculate the remainder when 1580981 is divided by 526992.
5
Calculate the remainder when 863808 is divided by 2468.
8
What is the remainder when 109744 is divided by 319?
8
Calculate the remainder when 319 is divided by 164.
155
Calculate the remainder when 12318 is divided by 1531.
70
Calculate the remainder when 71789 is divided by 584.
541
What is the remainder when 116051 is divided by 7?
5
What is the remainder when 1570 is divided by 53?
33
Calculate the remainder when 91076 is divided by 34.
24
Calculate the remainder when 16779 is divided by 173.
171
What is the remainder when 9928 is divided by 322?
268
Calculate the remainder when 17859 is divided by 1248.
387
What is the remainder when 14865 is divided by 139?
131
Calculate the remainder when 76646 is divided by 525.
521
Calculate the remainder when 23354 is divided by 13.
6
Calculate the remainder when 466 is divided by 93.
1
Calculate the remainder when 298953 is divided by 84.
81
Calculate the remainder when 85264 is divided by 449.
403
Calculate the remainder when 361201 is divided by 12040.
1
What is the remainder when 3106 is divided by 960?
226
What is the remainder when 29575 is divided by 68?
63
Calculate the remainder when 741 is divided by 343.
55
Calculate the remainder when 5736 is divided by 1903.
27
What is the remainder when 1849852 is divided by 17?
14
Calculate the remainder when 19228 is divided by 428.
396
What is the remainder when 6011 is divided by 257?
100
Calculate the remainder when 582071 is divided by 544.
535
Calculate the remainder when 6878 is divided by 3407.
64
Calculate the remainder when 11165 is divided by 3620.
305
Calculate the remainder when 132748 is divided by 33173.
56
Calculate the remainder when 12554 is divided by 27.
26
What is the remainder when 74111 is divided by 7?
2
What is the remainder when 23834 is divided by 542?
528
What is the remainder when 421 is divided by 187?
47
What is th